208 + 235. Suppose 2*d - 14 - 14 = 0. Calculate the remainder when p is divided by d.
13
What is the remainder when 122 is divided by -1 + (48/36)/(2/63)?
40
Suppose -5*d + 8 = -67. Suppose 4*z - d = 3*n, 5*n = -3*z + 13 - 38. Suppose 0 = -z*r - 4*r + 72. Calculate the remainder when 53 is divided by r.
17
Let u(b) = b + 19. What is the remainder when (-200)/(-3) - 4/6 - 3 is divided by u(4)?
17
Let m(b) = -b**2 - 19*b + 103. Calculate the remainder when 65 is divided by m(-23).
10
Let b(m) be the second derivative of 9*m**5/10 + m**4/4 - m**3/2 + m**2/2 - 16*m. What is the remainder when b(1) is divided by 5?
4
Let r(g) = g**3 + 9*g**2 + 7*g + 6. Let f be r(-8). Suppose -2*s = -0*s - f. Let j = -17925 - -17944. What is the remainder when j is divided by s?
5
Suppose 0 = 5*u + 4*c - 320, -2*c - 282 = -4*u - 0*c. Suppose -7 = -2*f - s, 2*f - 17 - 15 = 4*s. What is the remainder when (u/f)/(2/12) is divided by 23?
22
Suppose 0 = -33*c + 4192 - 298. Calculate the remainder when c is divided by 35.
13
Suppose 57*d = 58*d - 485. Calculate the remainder when d is divided by 98.
93
Suppose 5*q - 1 = 19, y - 8 = -3*q. Calculate the remainder when 64 is divided by 2/(5 + y) + 11.
12
What is the remainder when 891/36 - (-7)/28 is divided by 20?
5
Suppose -3*y + n = -n - 25, n + 2 = 0. Suppose -12*o + y*o + 20 = 0. Calculate the remainder when o is divided by (3/(-3) - 0) + 3.
0
Let b(p) = -12*p - 457. What is the remainder when b(-43) is divided by 57?
2
Suppose 62 = 109*z - 107*z. What is the remainder when z is divided by 12?
7
Suppose -6 = -b + 4*o, 5*o = 3*b - 1 - 17. What is the remainder when 40 is divided by b?
4
Suppose -5*c = q + 2*q - 59, -3*c = q - 33. What is the remainder when 768 is divided by c?
8
Suppose -3*u + 57 = -0*u. Suppose 3 + 46 = 7*b. What is the remainder when 250/b + (-42)/(-147) is divided by u?
17
Let k(l) = -l**2 + 10*l - 16. Let g be k(7). Suppose -10*q = -g*q - 15. Calculate the remainder when (22/4)/((-2)/(-4)) is divided by q.
2
Let v be (98/(-21))/((-2)/36). Let g be ((-59)/2)/(11/22). Let x = g + v. What is the remainder when x is divided by 9?
7
Let w(u) be the first derivative of -u**3/3 + 11*u**2/2 + 10*u - 7. What is the remainder when 15 is divided by w(11)?
5
What is the remainder when (-1911)/(-15) + 129/215 is divided by 85?
43
Let z be 12/(-8)*(-4 - -2). Let m(o) = 18 - 5*o**2 + o**z - 10 + 0*o**2. What is the remainder when m(6) is divided by 12?
8
Let j(i) = -i**3 - 11*i**2 - 9*i + 44. Suppose 0 = 5*m - 0*m - 2*s - 98, 0 = -m + 4*s + 34. What is the remainder when j(-10) is divided by m?
16
Let w(l) be the third derivative of l**5/30 + 7*l**4/24 - l**3/3 + 15*l**2. What is the remainder when 21 is divided by w(-5)?
8
Calculate the remainder when 52 is divided by 2/10 - ((-84)/5 + 3).
10
Suppose 6*s + 109 = 43. Suppose 186 = 4*b - 98. Calculate the remainder when b is divided by (-4030)/(-341) - 2/s.
11
Let k be 1/(-1*2/(-6)). Let z(v) = -239 + 16*v + 121 + 119. What is the remainder when z(k) is divided by 13?
10
Let r(t) = -t + 15. Let m be r(0). Let j = -17 - -19. Let h = m - j. Calculate the remainder when 62 is divided by h.
10
Let s(f) = -f**2 + 9*f - 2. Let x be s(7). Let o = 55 - 38. Let b = o - x. Calculate the remainder when 17 is divided by b.
2
Let t(j) = -8*j - 137. Let c(p) = p + 1. Calculate the remainder when t(-19) is divided by c(7).
7
Let a(g) = 3*g**2 + 102*g - 102. What is the remainder when 7 is divided by a(-35)?
1
Suppose 3*d - 4 = 20. Let j be (-4)/(-4) + d - 0. Calculate the remainder when 15/j*1*21 is divided by 9.
8
Suppose 0 = -3*p - 5*z - 10 - 6, -5*z + 33 = -4*p. What is the remainder when 10 is divided by 2 + -2 + 13 + p?
4
Suppose 5*k + 95 = 2*x, 16*x - 3*k = 21*x - 315. Calculate the remainder when 118 is divided by x.
58
Suppose -j = -n - 5, -5*j + 24 = 4*n + 8. Suppose -18 = -4*a - 2*h, 5*a - j = -5*h + 11. Calculate the remainder when 87 is divided by 130/a + (-5)/(-15).
21
Suppose 15*x = -657 - 468. Let k = -50 - x. What is the remainder when k is divided by 4?
1
Let q be 10 + 1 + (-15 - -12). Suppose 3*a + 124 = 2*w, -q = 2*a - 6*a. Calculate the remainder when w is divided by 17.
14
Let a = -2 + -31. Let c = -4 - a. What is the remainder when 53 is divided by c?
24
Let q(c) = c**2 - 7*c + 13. Calculate the remainder when q(16) is divided by 85.
72
Suppose -2*g = -i - 2*i + 380, i + 2*g = 132. Let q = 105 + -72. Calculate the remainder when i is divided by q.
29
Suppose 4*b - 120 = -4*i, 3*b - i - 58 = 4*i. Let g = 641 - 626. What is the remainder when b is divided by g?
11
Let d be (-1)/(-5) - (-52)/(-10). Let k = d + 13. Let u = k - -13. Calculate the remainder when u is divided by 11.
10
Let k = 318 - 208. Let u = k - 74. What is the remainder when u is divided by 8?
4
Suppose 4*c = -k + 2 + 120, 0 = -5*c + k + 148. Calculate the remainder when c is divided by 8.
6
Suppose 1409 = 22*d - 87. What is the remainder when 539 is divided by d?
63
Suppose 4*m = 3*m - 3. Let o be -4 - 11/(m/3). Let g = o + -1. Calculate the remainder when 13 is divided by g.
1
Let l(n) = n**3 - 8*n**2 + 8*n. Calculate the remainder when 262/14 - 18/(-63) is divided by l(7).
5
Let j(x) = x**3 - 4*x**2 - 12*x + 4. Let v be j(6). Suppose v*u = 143 - 7. Calculate the remainder when 99 is divided by u.
31
Suppose 3*a + 3*a = 42. What is the remainder when 8 is divided by a?
1
Suppose -5*o = -5*u + 155, -5 = 2*o - 1. What is the remainder when u is divided by 9?
2
Suppose 2 = f + 3. Suppose 4*i + 84 = 5*h + 2*i, -4*h + 3*i + 63 = 0. What is the remainder when f/((-3)/156) - 1 is divided by h?
15
Let w(j) = 5*j. Suppose 4 = 4*o - 0*o, -v = -5*o + 12. Let y(l) = l + 14. Calculate the remainder when y(v) is divided by w(1).
2
Suppose -13*o = -7*o + 552. Let m = o + 105. Calculate the remainder when 18 is divided by m.
5
Suppose 4*c = 3*c + 2, -3*c = 3*o - 153. Suppose 0 = 4*u + o - 149. Calculate the remainder when u is divided by 13.
12
Suppose -n - 10 = 5*m + 1, 0 = -2*n - 5*m - 7. Suppose n*h = 2*z + 34, -4 = 3*z - 1. Calculate the remainder when h is divided by (-3)/5*(-11 + 3 + 3).
2
Suppose -4*o + 3*q = -52, 3*o + o - 4*q - 48 = 0. Suppose -a = 2*v - 52, 0*a = 4*a - o. Suppose -3*u + u = -v. What is the remainder when 19 is divided by u?
7
Suppose -211 + 495 = 4*y. Calculate the remainder when 282 is divided by y.
69
Suppose 292*h + 84 = 299*h. What is the remainder when 465 is divided by h?
9
Suppose 0 = -5*y + 22 + 8. Suppose 4*p = -5*v - 23, -14 = -0*p + 4*p + 2*v. Let w = p + 18. Calculate the remainder when w is divided by y.
4
Let r(z) = 2*z**3 - 8*z**2 + 7*z - 22. What is the remainder when r(6) is divided by 83?
81
Let w(h) = h**3 + 6*h**2 + 7*h + 6. Let r be 8/3*6/(-4). Let x(j) = j**3 + 6*j**2 + 3*j - 1. What is the remainder when x(r) is divided by w(-4)?
9
Suppose m - 4*r = -0*m + 28, 0 = m - 3*r - 33. Let n = 102 - m. What is the remainder when n is divided by 28?
26
Suppose -y = -5*x - 3 - 0, y + 2*x + 4 = 0. Let g = 4061 + -4050. Calculate the remainder when g is divided by 1 + (-5)/2*y.
5
Suppose 2*j - j = 2*q - 5, j - 11 = -2*q. Suppose 5*v - 5*r = 1005, -j*r = -v - 0*r + 211. Calculate the remainder when v is divided by 50.
46
Let b be -2 + -1 - (-4 - -1). Suppose b = -5*l + 2 + 8. Calculate the remainder when 1*2/(l/47) is divided by 16.
15
Let u = 329 + -315. Calculate the remainder when (-10)/(-25) + 108/5 is divided by u.
8
Suppose 0 = -2*y - 6, -9*l + y + 78 = -4*l. What is the remainder when 251 is divided by (93/l*-2 - -4)*-5?
41
Suppose 3*d + 54 = 147. Let q = -19 + d. Suppose -3*c - 19*c = -1012. Calculate the remainder when c is divided by q.
10
Let z = -67 - -91. What is the remainder when 239 is divided by z?
23
Suppose 0 - 18 = -2*b. Suppose 55 = 5*j - 340. Let t = 112 - j. Calculate the remainder when t is divided by b.
6
Let s = -813 - -874. What is the remainder when 115 is divided by s?
54
Let r(b) = 1 - 3*b + b + 3*b. Let h = -20 - -44. Calculate the remainder when h is divided by r(8).
6
Suppose 130*n - 776 = 126*n. What is the remainder when n is divided by 15?
14
Let q(m) = -2*m**2 - 27*m - 18. Let y(r) = r**2 - 5*r - 25. Let p be y(7). Calculate the remainder when q(p) is divided by 4.
1
Calculate the remainder when 913 is divided by (-118 - 5)/(-1) 